(8/(-4336))?
7, 17, 271
Let q(t) = 4*t**3 + 26*t**2 - 100*t + 39. List the prime factors of q(25).
76289
Suppose 0 = 2*t + 12*t - 280. Suppose -3*z = t - 26. Suppose -3*c + 28 = -z. List the prime factors of c.
2, 5
Let n(r) = -9*r**3 - 12*r - 6. Suppose 5*f = 20, 2*y - 2*f + 26 = 3*f. What are the prime factors of n(y)?
3, 7, 13
Let f(d) = 478*d**2 + 2*d - 1 - 1 - 434*d**2. List the prime factors of f(-3).
2, 97
Let r be (5 - (-4085)/(-15))*3. Let h = 1439 + r. List the prime factors of h.
7, 13
Suppose 5952 = p + 3*l, -4*p + 39147 - 15288 = -5*l. What are the prime factors of p?
3, 1987
Let h(y) = y**2 - 6*y + 16. Let r be h(3). List the prime factors of 2/8 + 1710/8 + r.
13, 17
Let q(d) = d. Let k be q(6). Suppose -5*n = 25, -g + 2*n = -n + k. Let t = 101 - g. List the prime factors of t.
2, 61
Let c(h) = 4*h**2 - 89*h + 10. Let o = -32 - -58. List the prime factors of c(o).
2, 5
Suppose 2*m - 14 = -2*d, 5*d + 2*m - 25 = -m. Suppose -d*g = 3*c + 30 - 490, -5*c = 0. What are the prime factors of g?
2, 5, 23
Let z(m) = -m**2 - 22*m - 256. Let u(c) = c**2 + 23*c + 255. Let y(l) = 5*u(l) + 4*z(l). List the prime factors of y(0).
251
Let i(q) = -q**3 + 10*q**2 + 13*q - 17. Let p be i(11). Suppose -p*f + 179 = 2*w - 376, 1040 = 4*w - 4*f. Let n = -177 + w. List the prime factors of n.
2, 11
Let d(o) = o**3 - 2*o**2 - 5*o + 10. Let g be d(0). List the prime factors of -3*g/(-30) - -658.
659
Suppose 2*n - 11*s - 124418 = -12*s, -5*n + 311001 = -3*s. List the prime factors of n.
3, 5, 11, 13, 29
Suppose 154*n - 805*n + 38910055 = 34*n. List the prime factors of n.
43, 1321
Suppose -30 + 835 = 5*d. Suppose n = -1 + d. Suppose 2*b + 30 = n. What are the prime factors of b?
5, 13
Let v = 12940 + -7301. Suppose 3*d = 15, -4*i - 4*d + v = 135. What are the prime factors of i?
3, 457
Let y(o) = 14*o**3 - 8*o**2 + 2*o - 6. Let w = 518 + -515. What are the prime factors of y(w)?
2, 3, 17
Suppose 5*k = 3*y - 10576, -4*y = -5*k + 2*k - 14105. Let c = y + -2385. List the prime factors of c.
2, 571
List the prime factors of 16109 + (-1305)/(-87)*4/10.
5, 11, 293
List the prime factors of 9*12/594 - (-5601555)/165.
17, 1997
Suppose 7*u + 4693 = 10*u + 2*p, 5*p - 25 = 0. Let z = u - 1095. List the prime factors of z.
2, 233
Let x = 190 - 187. Suppose 0 = -8*d - x*d + 3421. What are the prime factors of d?
311
Let i(k) = -2*k + 38. Let h be i(18). Suppose 4*p - 6278 = 2*v, -h*p - 2*v - 2*v = -3124. List the prime factors of p.
2, 7
Let z = -711 + 630. List the prime factors of (36/z)/(6/(-23949)).
2, 887
Let d = -12166 + 32247. What are the prime factors of d?
43, 467
Let f = -27 + 30. Suppose 221 = -r - 4*k + 17, f*r + 668 = 2*k. What are the prime factors of -2 - (4 - r)/(-4)?
2, 3
Suppose 3*s = 6*g - 8*g + 1109, 3*s - 2777 = -5*g. Suppose -5*w - 5*u = -1240, -3*w + g = u - 178. List the prime factors of w.
3
Suppose -4*h = -4*k + 101033 + 6031, 0 = -5*k + h + 133854. What are the prime factors of k?
2, 3, 23, 97
Suppose -5*u - 2*o = -17, -11 = -2*u - 5*o - 0*o. Suppose -u*r + 11 = -1, h - r = 718. What are the prime factors of h?
2, 19
Let f(q) = -244*q - 1132. What are the prime factors of f(-15)?
2, 79
Let v(c) = -5*c**2 - 35*c + 5. Let a be v(-7). Let g be (-90)/(18/4 - a). Let l = g - 25. List the prime factors of l.
5, 31
Suppose 21780 = -7*i + 43*i. List the prime factors of i.
5, 11
Let y = 37 - 30. Suppose -j = -5*i + 2278, 3*i - 5*j = -y*j + 1372. What are the prime factors of i?
2, 3, 19
Suppose 4*r + 3*y - 17862 = 0, 24*r + 3*y - 8934 = 22*r. Suppose 195*g + r = 198*g. What are the prime factors of g?
2, 3, 31
Let l(k) be the second derivative of -k**3/6 - 8*k**2 + 4*k. Let p be l(-4). List the prime factors of (-4 + (-44)/p)/(3/(-189)).
3, 7
Suppose 4*n + 40*g - 168831 = 35*g, 0 = -4*g + 12. What are the prime factors of n?
2, 3, 3517
Let n = -5490 + 34873. List the prime factors of n.
29383
Let z(v) = -53*v - 17. Let b be (-568)/32 - ((-6)/8 - -1). Let q = b - -14. What are the prime factors of z(q)?
3, 5, 13
Let q(t) = 5*t**2 + 23*t - 24. Let s = -1012 + 1015. What are the prime factors of q(s)?
2, 3, 5
Suppose -2890*l + 2895*l + 5*p - 269665 = 0, 4*l = -3*p + 215737. What are the prime factors of l?
2, 149, 181
Suppose 88 = -5*l - 5*y - 42, l + 6 = 3*y. List the prime factors of (((-20)/(-6))/(-5))/(l/13860).
2, 5, 11
Let w = -19990 - 3648. What are the prime factors of w/(-22) + (-12)/(-22)?
5, 43
List the prime factors of 111/2553 - (-1148296)/46.
3, 53, 157
Suppose 16 + 16 = 8*n. Let u(y) = 1 - 14 - 18*y + n - 2. List the prime factors of u(-5).
79
Let v = 13415 + -8024. What are the prime factors of v?
3, 599
Suppose -13*h = -5*s - 14*h + 460, 0 = 5*s - 5*h - 430. Suppose 3*p - 5*k = 5485, -s*k + 92*k + 5477 = 3*p. What are the prime factors of p?
5, 73
Suppose -6894 - 2070 = -3*p. Let c be 6/(-14) + -1 + p/14. Suppose 3*z = z + c. List the prime factors of z.
2, 53
Let h(a) be the second derivative of a**5/20 + 11*a**4/12 + 18*a**2 - 3*a + 6. What are the prime factors of h(-11)?
2, 3
Suppose -4*p + 3*u + 146 = 0, -4*u = p + p - 84. Let r = -30 + p. Suppose -r*x + 198 = -634. List the prime factors of x.
2, 13
Let g be -283*1/2 - (-16)/(-32). Let m = 99 - g. What are the prime factors of m?
241
Suppose 14*a + 899 = 2*p + 9*a, -2*p + 906 = 2*a. Let n = 275 + -576. Let z = p + n. List the prime factors of z.
151
Suppose 2*p - 14 = -0*p. Let q(z) = 15*z + 24. Let i be q(p). Suppose 3*r + i = m, -2*r + 3*r - 464 = -4*m. List the prime factors of m.
3, 13
What are the prime factors of 303219/324*20 + (-2)/9?
3, 17, 367
Suppose 18263*l = 18254*l + 221805. List the prime factors of l.
3, 5, 31, 53
Suppose 2*s + 2*a - 90 = 0, 3*a + 5 - 8 = 0. Let v = -40 + s. Suppose 0 = 4*u - 7*b + v*b - 182, u = -2*b + 40. What are the prime factors of u?
2, 11
List the prime factors of (-2)/(-4)*0 - (-1 + -3168 - 9).
2, 7, 227
Suppose 3*i = 4*k - 36, 0 = -2*i - 2*i + 16. What are the prime factors of ((-59090)/(-60) - 0) + 2/k?
5, 197
Let y(m) be the third derivative of -m**5/60 + 37*m**4/24 - 29*m**3/6 + m**2. Let p = 949 + -922. What are the prime factors of y(p)?
241
Suppose -p = -3*w + p + 10, 2 = 2*p. Suppose w = x + 4*a, -3*x - a = x - 1. Suppose x = 14*n - 21*n + 658. What are the prime factors of n?
2, 47
Suppose 2*b + 3*k = 2528, -25*k + 1264 = b - 28*k. List the prime factors of b.
2, 79
Let j be ((-8)/10)/((-3)/2700). Let i be -2*9 - (-1 - 1). List the prime factors of (2/(-2))/(i/j).
3, 5
Let t(o) = -3*o**3 - 31*o**2 + 4*o + 4. Let u be t(-9). Let l = -330 - u. List the prime factors of l.
2, 13
Let k(o) be the second derivative of -o**4/12 + 19*o**3/6 - 12*o**2 + 3*o. Let s be k(18). What are the prime factors of s/(-24) + 431/4?
2, 3
Let c be ((-6)/9)/((-8)/12). Let g be (c - (125 - -1)) + (38 - 34). Let k = -71 - g. What are the prime factors of k?
2, 5
Let i(l) = 2*l**3 - 177*l**2 - 156*l + 441. List the prime factors of i(91).
2, 5, 7, 79
Let a = -67 - -65. Let c be 2/a*(4 + 4). What are the prime factors of (-2 + (-84)/c)/(1/12)?
2, 3, 17
Let p(h) = -6*h**3 - 2*h**2 - 59*h + 4. Let y be p(-8). Suppose -370*r = -365*r - y. List the prime factors of r.
2, 3, 19
Let j(o) be the second derivative of 3*o**3/2 - 9*o**2 + o. Let g be (361/76)/(2/8). What are the prime factors of j(g)?
3, 17
Let o = 99 - 98. Let c be -12*o/(20/285). Let m = -108 - c. List the prime factors of m.
3, 7
Let c be (-6)/18 + (24/(-9) - -3). Suppose 4*w - 868 = -c*w. What are the prime factors of w?
7, 31
Suppose 2*v - 2 = -3*i, -v - 1 = -2*i - 2*v. Suppose i = 3*c - 2*q - 419, 5*c - 2*q = -5*q + 711. What are the prime factors of c?
3, 47
Let l(j) = 3*j**3 - 48*j**2 + 77*j - 514. List the prime factors of l(25).
2, 41, 223
List the prime factors of (-11 - -8) + 38940 - (-50)/(-5).
7, 67, 83
Let w(i) be the first derivative of 23*i**3 + 3*i**2 + 5*i + 57. List the prime factors of w(2).
293
Let b(t) be the third derivative of -1/3*t**3 + 23*t**2 - 1/30*t**5 + 0 + 1/20*t**6 - 5/24*t**4 + 0*t. What are the prime factors of b(3)?
127
Suppose 7*l - 410 + 2930 = 0. Let m = l + 937. List the prime factors of m.
577
Let x = -384 - -922. Suppose -5*r = -t - 516 - 385, 3*r - x = -2*t. List the prime factors of r.
2, 3, 5
Suppose -376 = -33*s + 25*s. Suppose -9*w = y - 8*w - s, 5*y